 be p(7). Suppose -s = -2*x - 0. List the prime factors of c(x).
3
Let c = -17 - -22. Let s = 18 - c. List the prime factors of s.
13
Suppose 4*v + 5*u = 2*v + 23, 18 = 3*v + 2*u. Suppose 4*d - 75 = -5*o, -v*d = -3*o - 5*d + 38. What are the prime factors of o?
11
Let g be (6/(-12))/(1/(-14)). Let o = g - 4. List the prime factors of o.
3
Suppose -4*k = -0*k - 2*o - 18, -12 = k + 5*o. Suppose -k*b + 3*z = 18, z - 6 = -b - z. List the prime factors of (33 - 0)*b/(-6).
11
Let r(w) = w**2 - 5*w + 3. Let t be r(5). Suppose -2*n + 2*g + 69 = 3*n, -4*n = t*g - 46. What are the prime factors of n?
13
Suppose -4*a + c + 2*c = 2, 3*a - c - 1 = 0. Let s = 3 - a. List the prime factors of s.
2
Let m be 5 + -2 + -2 + 1. Let w be 1/m*(-8)/(-2). Suppose w = s - 15. What are the prime factors of s?
17
Let i = -6 + 4. Let b be (i - (0 + -2))/(-2). Suppose n - 7 - 1 = b. What are the prime factors of n?
2
List the prime factors of (-36)/(-2) - (-4 + 3).
19
What are the prime factors of -12*(-15)/(-27)*-3?
2, 5
Let u be -219 - (-2 + (-9)/(-3)). List the prime factors of (6/4)/((-15)/u).
2, 11
Let q = 80 - 33. List the prime factors of q.
47
Suppose 7*n = 2*n + 20. Suppose -27 = -n*g + 25. Let q = g + -5. List the prime factors of q.
2
Let c(o) = -2*o - 8. What are the prime factors of c(-7)?
2, 3
Let y(o) = -o + 5. Let n be y(5). List the prime factors of (1 - (-1 + 0)) + n.
2
What are the prime factors of (-96)/(-9) + 2/6?
11
Suppose -3*v + 5*p + 1 = -14, -2*p - 6 = 3*v. Let w(s) = -s + 7 + s + s + v*s. What are the prime factors of w(-5)?
2
Let u = -4 - -7. Suppose -b = -u*b + 16. List the prime factors of b.
2
Let g = -8 + 2. List the prime factors of (2 - g) + 1*-3.
5
Let g(v) = -3 - 3*v - v + 2*v. Let m be g(-2). What are the prime factors of (18/4)/(m/2)?
3
Let s(o) be the first derivative of -o**4/4 + 11*o**3/3 - 11*o**2/2 + 15*o + 21. Let q(n) = -n**3 + n + 10. Let r be q(0). What are the prime factors of s(r)?
5
Suppose -8 = -i + 2. What are the prime factors of 2/4 - i/(-4)?
3
Suppose -20 = -3*g - g, -2*c + 189 = 5*g. What are the prime factors of c?
2, 41
Suppose -5*a + 9 = 94. Let z be (12/(-15))/(2/(-60)). Let x = z + a. List the prime factors of x.
7
Suppose 2*s = -0*a + 2*a + 4, a = 5*s - 14. Suppose -s*z + 13 = -2*z. What are the prime factors of z?
13
Let f(y) = -y**3 - 8*y**2 - 7*y + 3. Let q be f(-7). Suppose -q*t + d = -66, 12 = 3*t - 2*t + 3*d. List the prime factors of t.
3, 7
Let l = 0 + 57. What are the prime factors of l?
3, 19
Let s(y) = 86*y - 10. What are the prime factors of s(3)?
2, 31
Suppose -2*l + 406 = 4*o, -5*o + 3*l + 277 + 236 = 0. What are the prime factors of o?
2, 3, 17
List the prime factors of (2 + -4 + 1)*-71.
71
Let x(k) = -k**3 + 4*k**2 + 6*k - 5. Suppose 4*c + 5 = 21. What are the prime factors of x(c)?
19
Suppose -4*n - 3*n = -1302. List the prime factors of n.
2, 3, 31
Let m = 2 - 0. Suppose -x - m*x = -12. Suppose 2*p - 28 = 5*f, 0*p - 2*p - x*f - 8 = 0. List the prime factors of p.
2
Let d(z) = -13*z**3 + 28*z**2 - 25*z - 32. Let i(h) = -5*h**2 - 3*h**3 - 5*h - 8 - h + 12*h**2. Let w(u) = -2*d(u) + 9*i(u). What are the prime factors of w(6)?
2
Let c be 114/24 - 6/8. Let w = c + 4. What are the prime factors of w?
2
List the prime factors of 246*(16/(-6) + 3).
2, 41
What are the prime factors of 14*(14/(-4))/(-1)?
7
Let g = -19 + 7. Let t = 20 + g. What are the prime factors of t?
2
Let s = 57 - 81. List the prime factors of s/14*(-14)/4.
2, 3
Let n(l) = l**2 + 2*l + 1. Let s be n(-3). What are the prime factors of 69/s - (-5)/(-20)?
17
Let r(z) be the third derivative of -z**5/60 + z**4/6 + 2*z**2. Let u be r(4). Suppose -s + 5*s - 44 = u. What are the prime factors of s?
11
Let y(p) = p - 5. Let w be y(5). Let f(x) = x**3 - 4*x**2 + 4*x - 3. Let z be f(2). List the prime factors of 4/((-6)/z) + w.
2
Suppose -2*d = -h - 20 - 51, -2*d + 66 = 4*h. List the prime factors of d.
5, 7
Let t(j) = 8*j**2 - 2*j + 1. Let d(b) be the first derivative of -b**2 - 3*b + 2. Let h be d(-2). What are the prime factors of t(h)?
7
Let m(o) be the third derivative of o**5/60 - o**4/12 - 5*o**3/6 + 3*o**2. Let y be m(4). Suppose 8*s = y*s + 70. What are the prime factors of s?
2, 7
Let c(u) = -15*u**3 + u**2 + u + 1. List the prime factors of c(-1).
2
Let z(w) = w**3 + 4*w**2 - 5*w - 6. Let v be z(-4). Suppose 0 = u + 4*u + 15. List the prime factors of 24/v*(-21)/u.
2, 3
Let n be 9/(-6)*6/3. Let c(t) = 2*t**2 + t + 3. Let y be c(n). Suppose l + l = z + y, 5*z = -10. List the prime factors of l.
2
Suppose 4*g + 67 + 89 = -3*b, g + 39 = 3*b. What are the prime factors of 3 + 0 - g/3?
2
Suppose -88 = -4*l + 56. What are the prime factors of l?
2, 3
Let r(k) = k**3 - 2. Let a be r(-2). List the prime factors of (a/(-8))/((-4)/(-48)).
3, 5
Let d(s) = s**3 + 7*s**2 + 4*s - 2. Let t be d(-6). Suppose x - 42 = -t. What are the prime factors of x?
2
Suppose -4*z + 10 = -50. Suppose 0 = -s - 0*s + 27. Let w = s - z. List the prime factors of w.
2, 3
Suppose -4*y + 7*r + 412 = 3*r, 5*r + 313 = 3*y. List the prime factors of y.
101
Let w(c) = -3*c. Let v(k) = k - 1. Let m be v(3). Let r be w(m). Let b = 12 + r. List the prime factors of b.
2, 3
Let p(a) = -3*a - 5. Let w(y) = 13*y + 21. Let q(b) = -b + 8. Let x be q(10). Let k(n) = x*w(n) - 9*p(n). What are the prime factors of k(5)?
2
Let l be 10/(-35) - 9/(-7). Let y = l - -5. List the prime factors of y.
2, 3
Let d(u) = u**3 - 6*u**2 - 12*u + 4. Suppose 4*a - 32 + 0 = 0. Let c be d(a). Suppose 2*l + l = c. What are the prime factors of l?
2, 3
Let m = 84 - 58. Suppose -4*d = -6 - m. List the prime factors of d.
2
Suppose 4*u = 5*u. Suppose p - 18 - 1 = u. List the prime factors of p.
19
Suppose f = -2*i + 7, 0*f - 4*f = -i - 64. Let p(g) = 46*g - 1. Let b be p(1). Suppose 5*r - f = b. What are the prime factors of r?
2, 3
Suppose 0 = -j + 61 + 36. What are the prime factors of j?
97
Let d = -23 + 43. What are the prime factors of d?
2, 5
Let g = -9 + 10. Let u = g - 13. What are the prime factors of (-12)/16 + (-261)/u?
3, 7
Let s(r) = -r**3 - 3*r**2 + r + 3. Let b be s(-3). Suppose -4*k + 2*k + 36 = b. What are the prime factors of k?
2, 3
Let r(k) = -k**2 + 14*k - 6. Let m be r(14). Let c(f) = f**3 + 5*f**2 - 9*f - 6. Let h be c(-6). Let v = h + m. What are the prime factors of v?
2, 3
Let y(d) = d**3 + 7*d**2 + 7*d + 2. Let a be y(-6). What are the prime factors of 1/2 - 18/a?
5
Let i = 45 + -19. List the prime factors of i.
2, 13
Let w(v) = v**3 + 19*v**2 + 8*v - 24. What are the prime factors of w(-18)?
2, 3, 13
Let s(d) = d**2 - d. List the prime factors of s(-6).
2, 3, 7
Suppose 9*b + 2*a = 5*b + 1020, 5*a = 3*b - 778. List the prime factors of b.
2
Suppose -2*g + 16 = 2*g. Let x = -6 + g. List the prime factors of 11/x*(-2)/1.
11
Suppose -1145 = -9*r + 4*r. List the prime factors of r.
229
Suppose 3 = 3*r - 2*r, 2*r + 44 = y. List the prime factors of y.
2, 5
Let q be (-1 + 1 - 0)/4. Suppose q = -4*l + 2*l + 8. What are the prime factors of l?
2
Let k = -195 - -358. List the prime factors of k.
163
Let j(l) = l**2 - 9*l + 5. Let d be j(5). Let y be 35/d - (-1)/3. What are the prime factors of (1 + y)/((-1)/5)?
5
Let z(a) = -a**3 - 3*a**2 + 3*a - 3. Let c be z(-4). Let f be (-2 + c)/((-1)/(-2)). What are the prime factors of (-57)/f*(-4)/(-6)?
19
Let x = 2 + 0. Suppose -4*g - 60 = -6*g. Suppose 18 = 2*w - x*c, 4*c + g = 2*w + w. What are the prime factors of w?
2, 3
Suppose 3*l + 0*h = 5*h + 64, 21 = 2*l + h. What are the prime factors of l?
13
Let w(p) = -14 + 5*p + 19*p**3 - 18*p**3 - 2*p - 2*p**2 - 10*p**2. List the prime factors of w(12).
2, 11
Suppose 0 = -5*f - 4*a - 40, -2*f - 5*a = -3*f - 8. Let u = 12 + f. Suppose -12 = 2*z - u*m, 3*z = -0*z - 4*m + 32. List the prime factors of z.
2
Let n = -1 + 1. What are the prime factors of -6*(n + 2/(-4))?
3
Let a be -18*(2 + (-8)/6). Let o be 2/(2 - (-21)/a). Suppose 2*d = -4*j + o, d - 4*j + 3 = 25. List the prime factors of d.
2, 5
Suppose -2*m = -6*m + 68. Suppose b - 5 = m. What are the prime factors of b?
2, 11
Let u = -16 - -33. What are the prime factors of u?
17
Suppose -2*c = 2*c + 108. Let d = -48 - c. Let x = d - -33. What are the prime factors of x?
2, 3
Suppose -3*s = k - 31, -7 = -k + 2*s - 1. Suppose 3*z - k = -z. 